 6. Let x(j) = a(j) - 6*d(j). Let y be x(-10). List the prime factors of 3/(-4)*y/(-18).
2
What are the prime factors of (-1)/(((-70)/29495)/14)?
17, 347
Let w = -55 + 85. List the prime factors of w.
2, 3, 5
Suppose -2*r - d = 17 - 243, 4*r - 4*d = 428. Suppose -2*z + r - 5 = 0. What are the prime factors of z?
53
Let s(x) = 2*x + 12. Let i be s(-5). Suppose i*k - 28 = -6. What are the prime factors of k?
11
Let b(z) = 31*z + 3. Let a be b(5). Suppose -2*m = -3*q + a, q = -0*m + m + 51. Suppose -2*s = 10 - q. What are the prime factors of s?
23
Let f(a) = -175*a - 7. What are the prime factors of f(-6)?
7, 149
Let j = -815 + 1908. List the prime factors of j.
1093
Let t be (-112)/(-6) - (-4)/(-6). Let d = t + -20. What are the prime factors of (-20)/(-30)*(-45)/d?
3, 5
Let n(q) = -q**2 - 5*q. Let p be n(-5). Suppose 0 = 2*g - p*g - 4, -2*r + 4*g = -8. Let k = r - 4. What are the prime factors of k?
2
Suppose n + 3224 = 3*r, -r + n = -208 - 864. What are the prime factors of r?
2, 269
Suppose 0 = -2*v + 2*v - 4*v. Let w = 32 - v. List the prime factors of w.
2
Suppose 3 = -s + 6. Suppose -x + 4*u = -1, 0 = -2*x + 5*x + 3*u - 18. Suppose p + o = x*p - 52, 2*o = s*p - 34. List the prime factors of p.
2, 7
Let b = -3357 + 5643. What are the prime factors of b?
2, 3, 127
Let n be (-3)/2*(-306)/27. Let g = -13 + n. Suppose 3*f - 5*q = 63, -f + 90 = 2*f + g*q. What are the prime factors of f?
2, 13
Let x(l) = l**2 - 7*l + 3. Let o be x(6). Let q be (9 + o)/(-2) - -51. Suppose -170 = h - 6*h - 5*p, 2*h = 3*p + q. What are the prime factors of h?
2, 3, 5
List the prime factors of (910/56)/((-2)/(-56)).
5, 7, 13
Suppose 75*k - 70*k = 0. Suppose 3*s - r + 4*r - 300 = k, -5*s + 3*r = -500. What are the prime factors of s?
2, 5
Let z = -1295 - -1527. What are the prime factors of z?
2, 29
Let n be ((-7)/2)/7*24. Let r be 42/(-6) - (0 + -2). What are the prime factors of (-3)/(r/((-100)/n))?
5
Let q(x) = -x**3 - 7*x**2 - 6*x - 9. Let j be q(-6). Let a(b) = b**2 - b + 6. What are the prime factors of a(j)?
2, 3
Let z = -35 - -43. What are the prime factors of z + -1 + -2 - -190?
3, 5, 13
Suppose 3*x + 3*m = 7*m + 1465, -5*x = -2*m - 2465. List the prime factors of x.
3, 5, 11
Let s = 113 - -458. What are the prime factors of s?
571
Let m = 58 + -24. Suppose n = -5*w - 3*n + 203, w - m = -3*n. List the prime factors of w.
43
Suppose -4*b + 8 + 1 = 3*n, -4*n = 4*b - 12. Suppose -n*j = c + 146, -2*j + c = -c + 108. What are the prime factors of (-120)/(-2)*(-40)/j?
2, 3
Suppose -3*d + 60 = 21. Let a = 97 - d. List the prime factors of a.
2, 3, 7
Let n = -64 - -105. Suppose 0 = 2*j - j. Suppose 5*l - n = d, j = -d + 3 + 1. List the prime factors of l.
3
Let j be (153/68)/(1/84). Let z = -31 + j. List the prime factors of z.
2, 79
Suppose 2269 = 3*d + u - 92, 4*d = 3*u + 3161. Suppose 0*w = -4*w + d. List the prime factors of w.
197
Let a = -90 + 3. Let s = a + 122. List the prime factors of s.
5, 7
Let w(n) be the third derivative of n**4/24 + 10*n**3/3 + 22*n**2. Suppose -4*g + g - 3*d = 24, 5 = 5*d. List the prime factors of w(g).
11
Suppose h = 2*h - 5. Suppose -h*v = -v. List the prime factors of 19 - (-1 - (-2 - v)).
2, 3
Suppose -102 = 5*s - 432. Suppose s = 4*n - 822. What are the prime factors of n?
2, 3, 37
Let w = -216 + 271. What are the prime factors of w?
5, 11
Let a(f) = 3*f**2 + 11*f + 54. List the prime factors of a(-6).
2, 3
Let o(x) be the second derivative of 3*x**5/5 - x**4/6 + x**3/3 - x**2/2 - 65*x. Let w(c) = c**2 + 1. Let v be w(0). What are the prime factors of o(v)?
11
Let j = 3071 + 2394. List the prime factors of j.
5, 1093
What are the prime factors of -54*(-246)/9 + 32/(-8)?
2, 23
Suppose 5*y = -5*u + 2900, -11*u - 2903 = -16*u - 4*y. List the prime factors of u.
11, 53
Let w(j) = 3*j**3 + 6*j**2 - 3*j - 2. What are the prime factors of w(4)?
2, 137
Let f(s) = -88*s + 2. What are the prime factors of f(-28)?
2, 3, 137
Let s(y) = 5*y**2 + 5*y + 26. Let q be s(7). List the prime factors of 2/(3/q*3).
2, 17
Suppose -11010 = 6*q - 16*q. List the prime factors of q.
3, 367
Let i(j) = -5 - 6*j + j + 8*j**2 + 0*j**3 - j**2 - j**3. Let u be i(5). Suppose 11 = n - u. List the prime factors of n.
31
Suppose 5*p = 6*p - 178. Let m = -114 + p. What are the prime factors of m?
2
Let m(d) = -23*d - 10. Let z(b) = -22*b - 9. Let c(f) = -5*m(f) + 4*z(f). What are the prime factors of c(4)?
2, 61
Let q(u) = 1 + 8*u**2 - 4 + 0*u + 5 + u. List the prime factors of q(3).
7, 11
Let z(y) = -4*y**3 + 19*y**2 + 72*y + 1. List the prime factors of z(-8).
2689
Let d(r) = 19 - 11*r + 7*r + 5*r. Let n be d(-6). Suppose n = g + 5. List the prime factors of g.
2
List the prime factors of (-1147)/(-7) + (-6)/(-42).
2, 41
Suppose -8*g + 5*g = -3*y + 9216, -4*y - g = -12288. List the prime factors of y.
2, 3
Suppose -3*z = -3*l + 114, l + 4*z = -9 + 27. Let j(g) = g**3 + 4*g**2 + 5. Let p be j(-4). Suppose p*f - l = 81. List the prime factors of f.
23
Suppose -2 = -7*c + 6*c. Suppose 291 = 4*r + 3*w, -r - c*w - 2*w = -89. List the prime factors of r.
3, 23
What are the prime factors of 4/8*86*(9 - -1)?
2, 5, 43
Suppose -8 = 2*d + 3*i, 4*i = -2*d - 9 - 1. What are the prime factors of 89 + (d - -2)*4?
3, 31
Suppose -4*j - 3*c - c = -1276, 3*j + 2*c = 958. Let f = -191 + j. What are the prime factors of f?
3, 43
Let t = 777 - 263. What are the prime factors of t?
2, 257
Suppose -r + 6 = 5*r. Let v(a) = 77*a**2 + 1. What are the prime factors of v(r)?
2, 3, 13
Let r be (-2)/(-4)*(535 - -1). Let k = 459 - r. What are the prime factors of k/5 - (-6)/(-30)?
2, 19
List the prime factors of 1/(((-30)/(-1074))/5).
179
Suppose 8774 - 986 = 6*h. List the prime factors of h.
2, 11, 59
Let y = -58 + 58. Suppose y = 3*a - 3, 0 = 4*h - 0*a + 4*a - 408. What are the prime factors of h?
101
Let g(b) = b**3 - 6*b**2 + 7*b - 6. Let x be g(5). Suppose -27 = 4*a - v, a = -x*a - v - 45. Let s(z) = -3*z. List the prime factors of s(a).
2, 3
Let z = 1 + 87. What are the prime factors of z?
2, 11
Let l(y) = y - 15. Let f be l(13). Let p(o) = o**3 + o**2 - 2*o + 1. Let i be p(f). List the prime factors of (-3 - -25)*(i - 0).
2, 11
Let r = 16 - 13. Let t be 1*(r - 0) - 1. Suppose m = 36 - t. List the prime factors of m.
2, 17
Suppose 0 = 2*d - 5*a - 2616, 25*d - 5232 = 21*d + 4*a. What are the prime factors of d?
2, 3, 109
Let p(g) = g**3 + 2*g**2 - 23*g + 6. What are the prime factors of p(9)?
2, 3, 5, 23
Suppose t - 24 + 0 = -4*w, -t = 0. Suppose 10 = 5*r - 3*r + y, -3*y = 2*r - w. Suppose -17 = -l + r. List the prime factors of l.
23
Suppose -8*f - 29 = -5. Let k(n) = -3*n**3 - 2*n**2 - 4*n - 4. List the prime factors of k(f).
71
Suppose 4*u - 69*f + 70*f = 24, -5*u = 3*f - 37. Let r be (-6)/(-21) + 290/14. Suppose -r = -6*a + u*a. What are the prime factors of a?
3, 7
Let q(l) = -238*l + 265. List the prime factors of q(-9).
29, 83
Suppose 2*y + 3*y + 20 = 0, 2*y = 3*k + 1. Let c(g) = 19*g - 3. Let w be c(k). Let p = -38 - w. What are the prime factors of p?
2, 11
Let g = -1092 + 1473. List the prime factors of g.
3, 127
Let t = 764 + 345. List the prime factors of t.
1109
What are the prime factors of (13 + 145)*(-1 + 5)/2?
2, 79
What are the prime factors of ((-3)/(-2))/(69/15502)?
337
Let u(q) = 2*q**2 - 2*q + 7. Suppose -3*l + 4*i = 23, -1 = -l + 2*i - 10. What are the prime factors of u(l)?
67
Suppose -56*n + 2448 = -40*n. What are the prime factors of n?
3, 17
Suppose 0*j - j = -2. Let o(y) = j*y - 2*y - 1 - 2 + 10*y. What are the prime factors of o(3)?
3
Suppose -6*v - 14 = -7*v. Suppose -40 = 6*w + v. List the prime factors of 5/(25/w)*-15.
3
Let q(d) = -16*d. Suppose -3*w - 2*o - 3*o - 16 = 0, 0 = 3*w - 3*o. List the prime factors of q(w).
2
Suppose 0 = -m + 2*q + 695, 0 = -0*m + 2*m - 5*q - 1391. What are the prime factors of m?
3, 7, 11
Suppose -2*p + 1184 = -523*c + 525*c, 0 = -c + 2*p + 595. What are the prime factors of c?
593
Suppose -6*z = -51 - 15. Suppose -4*k + z = -3*q + 35, -3*q - 4*k + 24 = 0. Suppose -3*n - 355 = -q*n. List the prime factors of n.
71
Let t(o) = -5*o + 12. Let c be t(2). Suppose 303 = c*q + 113. What are the prime factors of q?
5, 19
Suppose 5*s + 4*v + 28 = 0, -5*v + 9 - 3 = -4*s. Let i be ((-10)/s)/(19/38). Suppose -4*o = -i*q - 259, o - q -